{"id":484,"date":"2023-08-01T20:04:51","date_gmt":"2023-08-01T18:04:51","guid":{"rendered":"https:\/\/www.markoradler.hu\/?page_id=484"},"modified":"2023-08-01T20:04:51","modified_gmt":"2023-08-01T18:04:51","slug":"https-www-instagram-com-markoradlerelvira","status":"publish","type":"page","link":"http:\/\/www.markoradler.hu\/en\/https-www-instagram-com-markoradlerelvira\/","title":{"rendered":"https:\/\/www.instagram.com\/markoradlerelvira\/"},"content":{"rendered":"","protected":false},"excerpt":{"rendered":"","protected":false},"author":1,"featured_media":0,"parent":0,"menu_order":0,"comment_status":"closed","ping_status":"closed","template":"","meta":{"_monsterinsights_skip_tracking":false,"_monsterinsights_sitenote_active":false,"_monsterinsights_sitenote_note":"","_monsterinsights_sitenote_category":0,"footnotes":""},"class_list":["post-484","page","type-page","status-publish","hentry"],"yoast_head":"<!-- This site is optimized with the Yoast SEO plugin v20.12 - https:\/\/yoast.com\/wordpress\/plugins\/seo\/ -->\n<title>https:\/\/www.instagram.com\/markoradlerelvira\/ - Mark\u00f3-R\u00e1dler Elvira<\/title>\n<meta name=\"robots\" content=\"index, follow, max-snippet:-1, max-image-preview:large, max-video-preview:-1\" \/>\n<link rel=\"canonical\" href=\"http:\/\/www.markoradler.hu\/en\/https-www-instagram-com-markoradlerelvira\/\" \/>\n<meta property=\"og:locale\" content=\"en_US\" \/>\n<meta property=\"og:type\" content=\"article\" \/>\n<meta property=\"og:title\" content=\"https:\/\/www.instagram.com\/markoradlerelvira\/ - Mark\u00f3-R\u00e1dler Elvira\" \/>\n<meta property=\"og:url\" content=\"http:\/\/www.markoradler.hu\/en\/https-www-instagram-com-markoradlerelvira\/\" \/>\n<meta property=\"og:site_name\" content=\"Mark\u00f3-R\u00e1dler Elvira\" \/>\n<meta name=\"twitter:card\" content=\"summary_large_image\" \/>\n<script type=\"application\/ld+json\" class=\"yoast-schema-graph\">{\"@context\":\"https:\/\/schema.org\",\"@graph\":[{\"@type\":\"WebPage\",\"@id\":\"http:\/\/www.markoradler.hu\/en\/https-www-instagram-com-markoradlerelvira\/\",\"url\":\"http:\/\/www.markoradler.hu\/en\/https-www-instagram-com-markoradlerelvira\/\",\"name\":\"https:\/\/www.instagram.com\/markoradlerelvira\/ - Mark\u00f3-R\u00e1dler Elvira\",\"isPartOf\":{\"@id\":\"http:\/\/www.markoradler.hu\/en\/#website\"},\"datePublished\":\"2023-08-01T18:04:51+00:00\",\"dateModified\":\"2023-08-01T18:04:51+00:00\",\"breadcrumb\":{\"@id\":\"http:\/\/www.markoradler.hu\/en\/https-www-instagram-com-markoradlerelvira\/#breadcrumb\"},\"inLanguage\":\"en-US\",\"potentialAction\":[{\"@type\":\"ReadAction\",\"target\":[\"http:\/\/www.markoradler.hu\/en\/https-www-instagram-com-markoradlerelvira\/\"]}]},{\"@type\":\"BreadcrumbList\",\"@id\":\"http:\/\/www.markoradler.hu\/en\/https-www-instagram-com-markoradlerelvira\/#breadcrumb\",\"itemListElement\":[{\"@type\":\"ListItem\",\"position\":1,\"name\":\"Home\",\"item\":\"http:\/\/www.markoradler.hu\/en\/\"},{\"@type\":\"ListItem\",\"position\":2,\"name\":\"https:\/\/www.instagram.com\/markoradlerelvira\/\"}]},{\"@type\":\"WebSite\",\"@id\":\"http:\/\/www.markoradler.hu\/en\/#website\",\"url\":\"http:\/\/www.markoradler.hu\/en\/\",\"name\":\"Mark\u00f3-R\u00e1dler Elvira\",\"description\":\"Fest\u0151m\u0171v\u00e9sz\",\"publisher\":{\"@id\":\"http:\/\/www.markoradler.hu\/en\/#organization\"},\"potentialAction\":[{\"@type\":\"SearchAction\",\"target\":{\"@type\":\"EntryPoint\",\"urlTemplate\":\"http:\/\/www.markoradler.hu\/en\/?s={search_term_string}\"},\"query-input\":\"required name=search_term_string\"}],\"inLanguage\":\"en-US\"},{\"@type\":\"Organization\",\"@id\":\"http:\/\/www.markoradler.hu\/en\/#organization\",\"name\":\"Mark\u00f3-R\u00e1dler Elvira\",\"url\":\"http:\/\/www.markoradler.hu\/en\/\",\"logo\":{\"@type\":\"ImageObject\",\"inLanguage\":\"en-US\",\"@id\":\"http:\/\/www.markoradler.hu\/en\/#\/schema\/logo\/image\/\",\"url\":\"http:\/\/www.markoradler.hu\/wp-content\/uploads\/2023\/07\/cropped-logo-szines-korvonal3.png\",\"contentUrl\":\"http:\/\/www.markoradler.hu\/wp-content\/uploads\/2023\/07\/cropped-logo-szines-korvonal3.png\",\"width\":250,\"height\":250,\"caption\":\"Mark\u00f3-R\u00e1dler Elvira\"},\"image\":{\"@id\":\"http:\/\/www.markoradler.hu\/en\/#\/schema\/logo\/image\/\"}}]}<\/script>\n<!-- \/ Yoast SEO plugin. -->","yoast_head_json":{"title":"https:\/\/www.instagram.com\/markoradlerelvira\/ - Mark\u00f3-R\u00e1dler Elvira","robots":{"index":"index","follow":"follow","max-snippet":"max-snippet:-1","max-image-preview":"max-image-preview:large","max-video-preview":"max-video-preview:-1"},"canonical":"http:\/\/www.markoradler.hu\/en\/https-www-instagram-com-markoradlerelvira\/","og_locale":"en_US","og_type":"article","og_title":"https:\/\/www.instagram.com\/markoradlerelvira\/ - Mark\u00f3-R\u00e1dler Elvira","og_url":"http:\/\/www.markoradler.hu\/en\/https-www-instagram-com-markoradlerelvira\/","og_site_name":"Mark\u00f3-R\u00e1dler Elvira","twitter_card":"summary_large_image","schema":{"@context":"https:\/\/schema.org","@graph":[{"@type":"WebPage","@id":"http:\/\/www.markoradler.hu\/en\/https-www-instagram-com-markoradlerelvira\/","url":"http:\/\/www.markoradler.hu\/en\/https-www-instagram-com-markoradlerelvira\/","name":"https:\/\/www.instagram.com\/markoradlerelvira\/ - Mark\u00f3-R\u00e1dler Elvira","isPartOf":{"@id":"http:\/\/www.markoradler.hu\/en\/#website"},"datePublished":"2023-08-01T18:04:51+00:00","dateModified":"2023-08-01T18:04:51+00:00","breadcrumb":{"@id":"http:\/\/www.markoradler.hu\/en\/https-www-instagram-com-markoradlerelvira\/#breadcrumb"},"inLanguage":"en-US","potentialAction":[{"@type":"ReadAction","target":["http:\/\/www.markoradler.hu\/en\/https-www-instagram-com-markoradlerelvira\/"]}]},{"@type":"BreadcrumbList","@id":"http:\/\/www.markoradler.hu\/en\/https-www-instagram-com-markoradlerelvira\/#breadcrumb","itemListElement":[{"@type":"ListItem","position":1,"name":"Home","item":"http:\/\/www.markoradler.hu\/en\/"},{"@type":"ListItem","position":2,"name":"https:\/\/www.instagram.com\/markoradlerelvira\/"}]},{"@type":"WebSite","@id":"http:\/\/www.markoradler.hu\/en\/#website","url":"http:\/\/www.markoradler.hu\/en\/","name":"Mark\u00f3-R\u00e1dler Elvira","description":"Fest\u0151m\u0171v\u00e9sz","publisher":{"@id":"http:\/\/www.markoradler.hu\/en\/#organization"},"potentialAction":[{"@type":"SearchAction","target":{"@type":"EntryPoint","urlTemplate":"http:\/\/www.markoradler.hu\/en\/?s={search_term_string}"},"query-input":"required name=search_term_string"}],"inLanguage":"en-US"},{"@type":"Organization","@id":"http:\/\/www.markoradler.hu\/en\/#organization","name":"Mark\u00f3-R\u00e1dler Elvira","url":"http:\/\/www.markoradler.hu\/en\/","logo":{"@type":"ImageObject","inLanguage":"en-US","@id":"http:\/\/www.markoradler.hu\/en\/#\/schema\/logo\/image\/","url":"http:\/\/www.markoradler.hu\/wp-content\/uploads\/2023\/07\/cropped-logo-szines-korvonal3.png","contentUrl":"http:\/\/www.markoradler.hu\/wp-content\/uploads\/2023\/07\/cropped-logo-szines-korvonal3.png","width":250,"height":250,"caption":"Mark\u00f3-R\u00e1dler Elvira"},"image":{"@id":"http:\/\/www.markoradler.hu\/en\/#\/schema\/logo\/image\/"}}]}},"_links":{"self":[{"href":"http:\/\/www.markoradler.hu\/en\/wp-json\/wp\/v2\/pages\/484","targetHints":{"allow":["GET"]}}],"collection":[{"href":"http:\/\/www.markoradler.hu\/en\/wp-json\/wp\/v2\/pages"}],"about":[{"href":"http:\/\/www.markoradler.hu\/en\/wp-json\/wp\/v2\/types\/page"}],"author":[{"embeddable":true,"href":"http:\/\/www.markoradler.hu\/en\/wp-json\/wp\/v2\/users\/1"}],"replies":[{"embeddable":true,"href":"http:\/\/www.markoradler.hu\/en\/wp-json\/wp\/v2\/comments?post=484"}],"version-history":[{"count":1,"href":"http:\/\/www.markoradler.hu\/en\/wp-json\/wp\/v2\/pages\/484\/revisions"}],"predecessor-version":[{"id":487,"href":"http:\/\/www.markoradler.hu\/en\/wp-json\/wp\/v2\/pages\/484\/revisions\/487"}],"wp:attachment":[{"href":"http:\/\/www.markoradler.hu\/en\/wp-json\/wp\/v2\/media?parent=484"}],"curies":[{"name":"wp","href":"https:\/\/api.w.org\/{rel}","templated":true}]}}

<!-- This site is optimized with the Yoast SEO plugin v20.12 - https://yoast.com/wordpress/plugins/seo/ -->
<title>https://www.instagram.com/markoradlerelvira/ - Markó-Rádler Elvira</title>
<meta name="robots" content="index, follow, max-snippet:-1, max-image-preview:large, max-video-preview:-1" />
<link rel="canonical" href="http://www.markoradler.hu/en/https-www-instagram-com-markoradlerelvira/" />
<meta property="og:locale" content="en_US" />
<meta property="og:type" content="article" />
<meta property="og:title" content="https://www.instagram.com/markoradlerelvira/ - Markó-Rádler Elvira" />
<meta property="og:url" content="http://www.markoradler.hu/en/https-www-instagram-com-markoradlerelvira/" />
<meta property="og:site_name" content="Markó-Rádler Elvira" />
<meta name="twitter:card" content="summary_large_image" />
<script type="application/ld+json" class="yoast-schema-graph">{"@context":"https://schema.org","@graph":[{"@type":"WebPage","@id":"http://www.markoradler.hu/en/https-www-instagram-com-markoradlerelvira/","url":"http://www.markoradler.hu/en/https-www-instagram-com-markoradlerelvira/","name":"https://www.instagram.com/markoradlerelvira/ - Markó-Rádler Elvira","isPartOf":{"@id":"http://www.markoradler.hu/en/#website"},"datePublished":"2023-08-01T18:04:51+00:00","dateModified":"2023-08-01T18:04:51+00:00","breadcrumb":{"@id":"http://www.markoradler.hu/en/https-www-instagram-com-markoradlerelvira/#breadcrumb"},"inLanguage":"en-US","potentialAction":[{"@type":"ReadAction","target":["http://www.markoradler.hu/en/https-www-instagram-com-markoradlerelvira/"]}]},{"@type":"BreadcrumbList","@id":"http://www.markoradler.hu/en/https-www-instagram-com-markoradlerelvira/#breadcrumb","itemListElement":[{"@type":"ListItem","position":1,"name":"Home","item":"http://www.markoradler.hu/en/"},{"@type":"ListItem","position":2,"name":"https://www.instagram.com/markoradlerelvira/"}]},{"@type":"WebSite","@id":"http://www.markoradler.hu/en/#website","url":"http://www.markoradler.hu/en/","name":"Markó-Rádler Elvira","description":"Festőművész","publisher":{"@id":"http://www.markoradler.hu/en/#organization"},"potentialAction":[{"@type":"SearchAction","target":{"@type":"EntryPoint","urlTemplate":"http://www.markoradler.hu/en/?s={search_term_string}"},"query-input":"required name=search_term_string"}],"inLanguage":"en-US"},{"@type":"Organization","@id":"http://www.markoradler.hu/en/#organization","name":"Markó-Rádler Elvira","url":"http://www.markoradler.hu/en/","logo":{"@type":"ImageObject","inLanguage":"en-US","@id":"http://www.markoradler.hu/en/#/schema/logo/image/","url":"http://www.markoradler.hu/wp-content/uploads/2023/07/cropped-logo-szines-korvonal3.png","contentUrl":"http://www.markoradler.hu/wp-content/uploads/2023/07/cropped-logo-szines-korvonal3.png","width":250,"height":250,"caption":"Markó-Rádler Elvira"},"image":{"@id":"http://www.markoradler.hu/en/#/schema/logo/image/"}}]}</script>
<!-- / Yoast SEO plugin. -->

https://www.instagram.com/markoradlerelvira/ - Markó-Rádler Elvira

Markó-Rádler Elvira

Festőművész
